 = 43 - z. What is the remainder when 21 is divided by i?
3
Let i be 58 + (16/64 - 22/(-8)). Suppose -v + i = -20. Calculate the remainder when v is divided by 28.
25
Suppose 2*u + 5*w - 38 = 18, -u + 19 = w. Let x(q) = -49*q + 1. Calculate the remainder when x(-1) is divided by u.
11
Let n(v) = -4*v + 41. Suppose -5*t - 3*y + 496 = -0*y, t = -3*y + 104. Let o = 163 - t. Calculate the remainder when o is divided by n(6).
14
Let o(q) = q**2 - q + 12. Let l be o(5). Calculate the remainder when (l/(-40))/(6/(-345)) is divided by 18.
10
Let t = 887 - 848. Let z(g) = 3*g - 5. Calculate the remainder when t is divided by z(4).
4
Suppose 0 = 5*d - 15*d + 360. Calculate the remainder when 67 is divided by d.
31
Suppose x - 3*y - 264 = 0, 82*x = 80*x - 3*y + 546. Calculate the remainder when x is divided by 91.
88
Let h(q) = 45*q + 418. Calculate the remainder when 294 is divided by h(-9).
8
Let x = -78 + 156. Suppose -2*l - 2*l = 0. Suppose -3*y = -l*y - 81. What is the remainder when x is divided by y?
24
Let r = 280 + -253. Suppose 0 = 2*x - 4*i - 5 - 3, -x = -4*i + 6. Calculate the remainder when r is divided by x.
13
Let n(c) = 2*c**2 - 13*c + 58. Calculate the remainder when 212 is divided by n(5).
40
Let j(c) = 5*c**2 + 3*c + 6. Suppose -5*g = -t + 7, t = -g - 7 + 2. Calculate the remainder when 117 is divided by j(g).
17
Let m = -10259 + 10292. Suppose 4*z - 328 = 2*z. Calculate the remainder when z is divided by m.
32
Let u(v) = -2 - 8*v + 8*v - 1 + 2*v**2. Suppose h + 5*g - 36 = -11, -3*g + 9 = 0. What is the remainder when u(-4) is divided by h?
9
Let w = 886 - 860. What is the remainder when 50 is divided by w?
24
What is the remainder when 249 is divided by 184/10 - (-3)/45*-6?
15
Let b = -234 + 243. Calculate the remainder when 23 is divided by b.
5
Let i(j) = 8*j + 14. Let v be i(7). Suppose -3*g - v = -8*g. Calculate the remainder when 27 is divided by g.
13
Suppose -2*u - 3*u + 2*b + 75 = 0, -5*b = 0. Let i(f) = -f**2 + 14*f + 16. What is the remainder when 4 is divided by i(u)?
0
Let o = -68 + 70. Calculate the remainder when -3 + 6 + (5 - 6) is divided by o.
0
Suppose 163 - 191 = -4*r. What is the remainder when 118 is divided by r?
6
Suppose 0 = -5*x - 39 + 114. Let d = 0 + 5. Calculate the remainder when x is divided by d.
0
Let s(a) = 28*a**3. Let r be s(1). Suppose r - 4 = 4*p. Calculate the remainder when 17 is divided by p.
5
Let h(n) = 2*n**3 + 30*n**2 + 15*n + 4. Calculate the remainder when h(-14) is divided by 32.
26
Let q(z) = -9*z - 1. Let g(c) = -17*c - 1. Let o(h) = -2*g(h) + 5*q(h). What is the remainder when o(-7) is divided by 19?
17
Suppose -54 = 129*w - 138*w. What is the remainder when 11 is divided by w?
5
Suppose o - 33 = -23. Suppose -2*m - 142 = -28. Let j = m + 105. What is the remainder when j is divided by o?
8
Suppose -6 - 32 = -5*h + 2*z, 0 = -2*z - 8. Suppose 5*g - 2*n = n + 142, 2*g - 5*n - 72 = 0. Calculate the remainder when g is divided by h.
2
Let t(z) be the third derivative of -z**5/60 + z**4/8 - 5*z**3/3 + 11*z**2. Let g be t(0). What is the remainder when 1839/15 - (-6)/g is divided by 31?
29
Suppose 5*q + 8 = 4*r - 37, 2*r - 3*q = 23. Suppose -l = l - r. Let x = -3508 + 3511. Calculate the remainder when l is divided by x.
2
Suppose -607*u + 604*u + 96 = 0. Calculate the remainder when 99 is divided by u.
3
Suppose 152 + 90 = 2*h - 5*q, -5*q + 640 = 5*h. Calculate the remainder when h is divided by 8.
6
Let h = -96 + 138. What is the remainder when 124 is divided by h?
40
Calculate the remainder when (-2 - (5 + -2))/((-1)/18) is divided by 13.
12
Suppose -1300 = -5*m - 3*b + 1348, -3*m + 1586 = -b. What is the remainder when m is divided by 106?
105
Calculate the remainder when 94 is divided by (-65 - 3)*-1*15/20.
43
What is the remainder when 388 is divided by (23/69)/(2/156)?
24
Let z = -9 + 12. Suppose 3*t - 79 = -2*y, -21 = z*t + 3*y - 105. What is the remainder when t is divided by 15?
8
Let c(n) = -9*n**2 + 66*n - 6. What is the remainder when 252 is divided by c(7)?
12
Let m(c) = 11*c**2 - 5*c - 23. What is the remainder when m(-4) is divided by 16?
13
Suppose -4*n - 7 = -3*l, 2*l + 5*n - 61 = -2*l. Let m be (1/(-2))/(3*3/(-18)). Let w(h) = 7*h - 3. Calculate the remainder when l is divided by w(m).
1
Suppose b - 126 = 2*q, -293 - 358 = -5*b + 3*q. What is the remainder when b is divided by 9?
6
Suppose 37*c - 33*c - 3*t - 141 = 0, 4*t - 215 = -5*c. Calculate the remainder when 464 is divided by c.
35
Let m = -33 - -52. Suppose b + 50 = 122. What is the remainder when b is divided by m?
15
Let u be (3/(-2))/(2 - 1/2). Calculate the remainder when (55/11)/(0 + u/(-19)) is divided by 16.
15
Let y = -160 - -176. What is the remainder when 19 is divided by y?
3
Let u(v) = -v**2 - 2*v + 1. Let h be u(3). Let g = -8 - h. Suppose 4*b = x + 19, x - g*x = -5. Calculate the remainder when b is divided by 2.
1
Suppose -27*l + 72*l = -46*l + 182. Let r(c) = c**2 - 8*c + 10. Let s be r(7). Calculate the remainder when (1*s)/(3 - 2) is divided by l.
1
Let d be (-24)/15*5/1. Let r(v) = v**2 + 9*v + 12. Let l be r(d). Suppose -l = -s + 4. Calculate the remainder when 14 is divided by s.
6
Suppose 5*p - 21 - 99 = 0. Suppose -16 = -2*g - 18, -3*u - 3*g = -132. What is the remainder when u is divided by p?
21
Suppose 0 = k - 4*k + 18. Suppose -k*m + 5*m + 4 = 0. Calculate the remainder when (-18)/(-21)*14/2 is divided by m.
2
Suppose -t = 2*t - 36. Suppose -3*b + 6 - 15 = 0. Calculate the remainder when (4/b)/(2/(-51)) is divided by t.
10
Let a = -5 + 11. Suppose -11*i = -10*i - 21. What is the remainder when i is divided by a?
3
Suppose 0 = u - 4*q - 38, -34 = -u - 0*q + 3*q. Calculate the remainder when 196 is divided by u.
20
Let d = 21 + -8. Let h = 50 + 70. Suppose 0*w + 5*w - h = y, -135 = -5*w - 2*y. What is the remainder when w is divided by d?
12
What is the remainder when 152 is divided by (-22 + 7)*((-14)/(-5))/(-2)?
5
Let x(w) be the first derivative of w**3 - w**2/2 + w - 6. Let v be x(-2). Suppose 4*j + j - v = 0. What is the remainder when 3 is divided by j?
0
Let b(a) = 9*a**2 - 2*a - 4. Let d(r) = r**2 - 1. Let k(t) = b(t) - 2*d(t). Suppose 9*g + 11 - 29 = 0. Calculate the remainder when 65 is divided by k(g).
21
Suppose -4*u - 37 = -101. What is the remainder when (3 - -38) + (-10 - -15 - -1) is divided by u?
15
Suppose -4*w - 50 = -126. Suppose -7 = -3*j + t, 3*j = -2*j - 2*t + w. Calculate the remainder when 27 is divided by j/2*126/27.
6
Let x(y) = y**3 + 5*y**2 - 6*y + 10. Let d = 65 + -37. What is the remainder when d is divided by x(-6)?
8
Suppose 2*x = 0, 0 = -3*i - 0*x + x + 30. Let y = 47 + i. Calculate the remainder when y is divided by 29.
28
What is the remainder when (159/9)/(8/72) is divided by 49?
12
Suppose 10 + 38 = 8*f. Calculate the remainder when 85 is divided by f.
1
Let k = -113 + 33. Let y(p) = 5*p + 9. Let g be y(-6). Let i = g - k. What is the remainder when i is divided by 20?
19
Let m = -4 - -26. Let d(g) = g**3 + 7*g**2 + 2*g - 2. Let b be d(-3). Let i = 41 - b. Calculate the remainder when m is divided by i.
9
Suppose -4*y + 3*v + 1225 = -4128, -2*y = -2*v - 2676. Calculate the remainder when y is divided by 67.
66
Suppose -z + 173 = 4*c, 4*z - 13*c - 731 = -16*c. Let l = 17 + 30. What is the remainder when z is divided by l?
44
Suppose 8*w = -8*w + 80. Calculate the remainder when 6 is divided by w.
1
Suppose 2*m - 62 = -2*y, m = 4*y - 3*y + 39. Suppose m = 3*o - 103. What is the remainder when o is divided by 18?
10
Let o(m) = 15*m - 6. Let k = -1331 + 1345. Calculate the remainder when o(5) is divided by k.
13
Let g(x) = x**2 - 7*x + 3. Let y be g(4). Suppose 2*u + 32 = 4*u. What is the remainder when y/(-6)*124/3 is divided by u?
14
Let l(b) = -45*b + 14. Let f be l(-2). Suppose -3*y + f = y. What is the remainder when y is divided by 9?
8
Let k(w) = -15*w - 3. Let x be k(-4). Suppose 0*l = 4*l - b - x, 10 = -2*b. Calculate the remainder when 57 - 13 - (1 - 0)*6 is divided by l.
12
Suppose -6*s + 1323 = 3*s. What is the remainder when s is divided by 6?
3
Suppose 4*k - 20 = 0, -d - k + 23 = d. Let p(t) = t**2 - 5*t - 27. What is the remainder when p(d) is divided by 3?
0
Suppose 2*y = 226 + 42. Let f(v) = 7*v**3 - 4*v**2 - 4*v + 3. What is the remain